- 1. Let g(f) = 5*c(f) - r(f). Determine g(-8).
-108
Let f(y) = 2*y**2 - 195*y - 604. Let j be f(-3). Let g(k) = -59*k**2 - 8*k - 10. Calculate g(j).
-61
Let k be ((-4)/(-10))/((2/(-215))/2). Let y = k - -84. Let i(f) be the first derivative of -4*f**3/3 - 3*f**2/2 - 2. Determine i(y).
-10
Let m(k) = -26*k - 30. Suppose 5*v - 21 = -4*n + 10, -3*n + 5*v = 38. Calculate m(n).
-4
Let y(u) = -7 + u**2 + 1 - u - 3*u. Let j = 23242 - 23247. Give y(j).
39
Let i(c) = 47*c - 4. Let v(w) = 14*w. Let k(n) = i(n) - 3*v(n). Calculate k(-4).
-24
Let c(m) = -2*m**2 - 4*m + 6. Suppose -149*b = 114*b - 71*b - 960. Give c(b).
-64
Suppose 0 = -38*d - 32*d - 132*d + 202. Suppose -3 - 3 = -3*r. Let z(v) = 2*v**2 + 6*v**2 + 1 + 0*v**2 - r. Give z(d).
7
Let i(m) be the first derivative of m**2/2 + 48815. Suppose 3*z = 6 + 21. Give i(z).
9
Let a(f) = -f - 7. Let l(d) = -d. Let t(i) = -a(i) + 6*l(i). Let r = 14057 - 14051. Determine t(r).
-23
Let i(d) be the first derivative of -26*d**2 + 739. Determine i(1).
-52
Suppose 0 = -6*d + 2*d + 228. Let o(h) = -29*h - 3 + h**2 - 32*h + d*h. Suppose 5*j + 8 = 33. Calculate o(j).
2
Suppose -z - 2 = 3. Let r(k) = -3 + 17*k + 1 - 8*k - 14*k. Let y(f) = -6*f - 2. Let b(p) = z*r(p) + 4*y(p). Give b(-5).
-3
Suppose 11*c - 7 = 10*c. Suppose -c*a = -0 + 21. Let h be 3/(-36)*a*-4. Let x(d) = -d**2 - 2*d - 1. What is x(h)?
0
Let u be 6/(6/2 + (-36)/8). Let k(r) = -3*r**3 - r**2 + r - 1. Let b(o) = 4*o**3 + 6*o**2 + 4*o + 4. Let h(p) = b(p) + k(p). What is h(u)?
-1
Let d(y) = 2*y - 1. Let w(i) = -5*i**2 + 35*i - 73. Let j(z) = -4*z**2 + 35*z - 73. Let b(x) = -6*j(x) + 5*w(x). Let v be b(-37). Determine d(v).
-3
Let c(i) = 648*i - 24. Let k be c(1). Let d = -625 + k. Let j(y) = -12*y - 1. Give j(d).
11
Let r(x) = 36*x**2 - 2*x. Suppose -11*l + 25*l = 10*l - 4. Determine r(l).
38
Let l(u) = 9*u - 5. Let n(k) = k - 1. Suppose 0 = -3*w + w - 8. Let h(v) = w*n(v) + l(v). Let b(s) = -3*s**2 - 129*s - 664. Let y be b(-6). Determine h(y).
9
Suppose -37 = -2*f - 1153*q + 1158*q, -3*q = 21. Let n(h) = 12*h**3 + 3*h**2 - h + 1. What is n(f)?
15
Let g be 0 + 0*(-2)/4. Let u(b) be the third derivative of b**4/24 - 8*b**2 + 6*b. Give u(g).
0
Let d(p) = 2*p**2 + 11*p + 19. Let v be d(-5). Let z(i) = i**2 - 15*i + 22. Let f be z(v). Suppose 0 = 4*u - 0*u + f. Let m(c) = c**3 - 4*c - 3. Calculate m(u).
-3
Let v = 122 + -128. Let w(x) = -5*x - 42 + 49 + 4*x + 0. Give w(v).
13
Let b(f) = -8*f**2 - 4 + 9*f + 1 - 16*f + 7*f**2. Give b(-4).
9
Let k(o) = o**3 - 4*o**2 - 4*o. Let i(t) = -t + 1. Let a(p) = 2*p**2 + 12*p + 12. Let s be ((-12)/(-15))/(6/(-30)). Let b be a(s). Let u be i(b). Give k(u).
5
Suppose -8*v + 12*v = -24. Let d(z) be the second derivative of z**5/20 + z**4/2 - z**3/6 + 7*z**2/2 + 44*z. Give d(v).
13
Let t(d) = -7*d**2 + 10*d + 2. Let s = 24 - 26. Let v(b) = -38*b**2 + 51*b + 10. Let p(j) = s*v(j) + 11*t(j). What is p(7)?
9
Let m(w) = -3*w + 8*w - 8*w - 22 - 10*w**2 + w**3. Let z be m(10). Let r = 46 + z. Let y(u) = u**3 + 6*u**2 - 2. What is y(r)?
-2
Let i(f) be the second derivative of f**5/20 - 29*f**4/12 - 29*f**3/6 - 57*f**2/2 + 5775*f. Determine i(30).
-27
Let z(o) = -o**2 - o + 3. Let c = 152 + -149. Suppose d = -c*y + 16, -3*d = 5*y - 4*d - 16. What is z(y)?
-17
Let t(p) = -3*p**2 - 26784*p - 19*p**3 - 4 + 5*p**2 + 26790*p + 18*p**3. Determine t(2).
8
Let i(s) = 3*s + 1 + 2*s**3 - s**3 - s - 4*s**2 - s. Suppose 4*m = 12, -a + 8 = -0*a + 2*m. Let l be ((-28)/14)/((-3)/(-2) - a). Determine i(l).
5
Let x(h) = -155*h + 767. Let l(t) = 449*t + 4495. Let r be l(-10). What is x(r)?
-8
Let x(u) be the first derivative of -u**5/120 + 7*u**4/24 + 2*u**3/3 - 25*u + 9. Let z(i) be the third derivative of x(i). Calculate z(6).
1
Let x(t) = t**2 - 2 + 9*t - 1 + 9. Let c be x(-11). Suppose -u = 3*u - c. Let k(m) = m**2 - 6*m - 5. What is k(u)?
2
Let d(g) = 7*g + 3. Suppose 7 = 6*n - 17. Suppose -n*j = -4, u = j + 2*j - 1. Suppose -4*z = 3*o - 0 + 2, -4*o + 12 = -u*z. What is d(z)?
-11
Suppose 6*m = m - 5*u + 180, -31 = -m - 2*u. Let y(i) = i + m + 54 - 103. Let k be 3 + -1 + (-2 - 0). Determine y(k).
-8
Let w(j) = -109*j + 36. Let h(c) = 9*c - 3. Let x(v) = -10*h(v) - w(v). Calculate x(3).
51
Let h(p) = -4*p**3 + 10*p**2 + 12*p + 64. Let f(l) = 5*l**3 - 8*l**2 - 14*l - 67. Let b(n) = -5*f(n) - 6*h(n). Give b(-20).
-9
Suppose 4 = 4*a - 5*a. Let g be a + (6 - 4/(-2)). Let i(f) = 5 - 4 - g*f + 0*f - 2*f. Determine i(-1).
7
Let v be ((-10)/6 - 3)*3. Let m be 4/6*(v + 11). Let a(i) = i**3 + i - 205*i**2 + 205*i**2 + 2. Give a(m).
-8
Let y(g) = -g**3 + 75*g + 50. Let c be y(9). Let m(x) = -x**3 - 2*x**2 + 2*x - 9. What is m(c)?
15
Suppose -57*g + 145 = -83. Let r(n) = -n**2 + 3*n + 2. Calculate r(g).
-2
Let w(b) = 14*b**3 + b**2 - 3*b + 5. Let r(q) = -65*q**3 - 6*q**2 + 13*q - 24. Let k(s) = -3*r(s) - 14*w(s). Determine k(5).
-8
Let v(j) = 4*j + 5. Let l be v(4). Let q = l - 18. Let z = 6 - q. Let h(w) = w**3 - 2*w**2 - 3*w + 1. What is h(z)?
1
Let z be -14 + 15 + 33/(-4 - -3). Let f = -44 - z. Let x(w) = -w**3 - 11*w**2 + 13*w + 15. What is x(f)?
3
Let u = 4 - 7. Let i(f) = 3 + 5390*f + 1 + 9 - 3 - 5384*f. Give i(u).
-8
Let v(z) = z**2 + z - 3. Let u = 442 + -338. Suppose u*b - 105*b + 3 = 0. Calculate v(b).
9
Let a(h) = -h**2 - 8*h + 8. Let d(q) = q**2 + 20*q + 34. Let z be d(-19). Let g(c) = -c**2 + 10*c + 65. Let n be g(z). Give a(n).
-12
Let j(p) = -4*p**2 - p + 3. Let i(v) = v**2 - 1. Let w(h) = -3*i(h) - j(h). Let q be (2/1)/((-8)/4). Let z(k) = -6*k - 1. Let n(c) = q*z(c) - 2*w(c). Give n(4).
-15
Let m = -12016 + 12018. Let i(a) be the third derivative of -a**2 + 1/60*a**6 + 0 + 1/30*a**5 + 0*a - 1/12*a**4 - 1/6*a**3. Calculate i(m).
19
Suppose 14*w - 146 = 63 - 83. Let u(f) be the second derivative of f**3/3 - 4*f**2 - 5*f. Calculate u(w).
10
Let h(x) = 2*x**2 - 63*x - 252. Let t be h(35). Let z(g) = g**3 + 7*g**2 - 2*g - 4. Give z(t).
10
Let y(p) be the first derivative of p**5/20 - p**4/2 + 5*p**3/6 - 3*p**2 - 21*p + 130. Let r(h) be the first derivative of y(h). What is r(5)?
-6
Let w(d) = -d**2 - 2*d - 1. Let s(x) = -x**3 - 2*x**2 + 2*x. Let y(b) = s(b) - 2*w(b). Give y(-4).
42
Let b(h) = -2*h**3 - 12*h**2 + 14*h. Let r(p) = -3*p**2 - 11*p - 13. Let u be r(-3). Let t be b(u). Let o(k) = -k + 21. What is o(t)?
21
Suppose 0 = y - 5*b - 23, -199*b = -198*b + 3. Let z(l) = -l**3 + 9*l**2 - 7*l - 16. Give z(y).
-8
Let c(m) = m**3 - 8*m**2 + 8*m - 2. Let x be ((-1426)/690 - (-14)/10)*(1 + -10). What is c(x)?
-26
Let z(q) = 6*q - 82. Suppose -279 = -55*i - 17*i + 225. What is z(i)?
-40
Let o(l) = -3*l - 2. Let v be 5/(-20) + ((-6505)/(-4))/5. Let m = v + -328. Give o(m).
7
Let p(q) = 11 - 2*q**3 - 35*q + 50*q - 5*q**2 - 11*q**2 - 53*q + 43*q. Determine p(-8).
-29
Let o(d) = d**3 + d + 6. Let k be o(0). Let l(w) be the first derivative of w**3/3 - 5*w**2 + 19*w - 1513. Determine l(k).
-5
Let i(h) = -h - 23. Let r = 1590 - 1579. Determine i(r).
-34
Let o(b) = -7*b**2 + 28*b - 230. Let z(u) = -u**2 - u + 1. Let f(l) = -o(l) + 6*z(l). Give f(25).
11
Let m(d) be the third derivative of -d**5/60 - 11*d**4/24 - 5*d**3/3 + 1458*d**2. What is m(-8)?
14
Let r(w) = 4 - 179*w**2 + 5*w + 80*w**2 + 97*w**2. Let c(q) = 4*q - 5. Let h be c(5). Suppose j + h = 3*z, -4*z - j + 13 = -0*z. Determine r(z).
-8
Let x = 788 + -784. Suppose -9*v + 2*f - 14 = -12*v, 0 = 2*v + x*f - 12. Let l(q) = -q**2 + 8*q - 2. What is l(v)?
14
Suppose -14*z - 9*z - 230 = 0. Let x(d) be the third derivative of 2/3*d**3 - 5/12*d**4 - 1/60*d**5 + 0 - d**2 + 0*d. Give x(z).
4
Let i be (165/(-22))/(-1)*(-2)/(-3). Let y(n) = 26 - 52 - i*n + 25. Give y(7).
-36
Let q be 0/((-3)/2 - (-14)/28). Let s(j) = 0 + j**3 + q - 16*j**2 - 16*j - 24 + 9. Give s(17).
2
Let g(i) = -44 + 6*i + 125 - 46 - 48. Calculate g(9).
41
Suppose -25*k = -20*k - 325. Let h = k + -60. Let l(i) = -i**2 - 1 + 4*i - 5 - i + 2*i. What is l(h)?
-6
Let d be 7 + -11 + 19 + -8 + -2. Let m(o) = -2*o**2 + 14*o - 2. Calculate m(d).
18
Let i(z) = 11*z - 2. Let s be (10/8)/(2/8*-1). Let u be (-2 - 2 - s)/((-1)/(-2)). Determine i(u).
20
Suppose 12*p + 713 = 677. Let v(a) = -a**3 + a + 1. Let g(m) = -4*m**3 + m**2 + 5*m + 5. Let k(r) = g(r) - 3*v(r). Give k(p).
32
Let o(m) = m**2 - 17*m + 2. Let d = 4950 - 4938. What is o(d)?
-58
